8 = 2*d, -2*d - 217 = -b + 25. Calculate the greatest common factor of 1450 and b.
58
Let c be (-57)/(9/(-24)*-4 + -3). Let r = 53 - c. Let h be r/((-1)/((-3)/(-8)) - -3). What is the greatest common divisor of h and 15?
15
Let h = -1753 + 1799. What is the greatest common factor of h and 253?
23
Let h(f) = 260*f + 4472. Let p be h(-10). What is the greatest common divisor of 576 and p?
144
Suppose -4*a = -5*m + 108, 618*a = -4*m + 623*a + 81. What is the highest common factor of m and 3264?
24
Suppose -3216 = -21*t + 19*t + 4*s, 3*t + s - 4789 = 0. Calculate the highest common factor of 34 and t.
34
Suppose 0 = 3*c + 2*f - 8, -3*c + 3*f - 16 = -19. What is the highest common divisor of 674 and c?
2
Let y be -5*(-48)/(-9)*57/(-38). Let n = 45 + 55. Calculate the greatest common factor of n and y.
20
Let t(m) = -m**3 - 26*m**2 + 3*m + 90. Let o be t(-26). What is the highest common divisor of o and 78?
6
Suppose -25 = a - 23. Let c(d) = 13*d**2 + 7*d + 10. Let n be c(a). Calculate the greatest common factor of 16 and n.
16
Suppose 35*v + 270219 = 257*v + 60207. What is the highest common divisor of v and 817?
43
Let w = -13 - -15. Let o be w/10 + (-174)/(-5). Let l = o - 23. What is the greatest common factor of 96 and l?
12
Suppose -h - 272 = -2*c, c - 110*h + 113*h - 108 = 0. Calculate the greatest common factor of c and 3036.
132
Suppose -47 + 63 = 4*h. Suppose h*c = 7*c - 81. Calculate the greatest common factor of c and 15.
3
Let t be -3 + 21/7 + 4. Let u = 135 + -94. Let v = u + -37. What is the greatest common factor of t and v?
4
Let u(z) = 5*z**2 + 24*z - 314. Let o be u(8). What is the highest common divisor of 9966 and o?
66
Suppose 0 = 3*h + 17 - 26. Suppose h*p - 22 = -3*q + 26, -p + 16 = -4*q. What is the highest common factor of 18 and p?
2
Suppose 19*d = 138*d + 132736 - 748561. Calculate the greatest common factor of 900 and d.
225
Let n = 1320 + -2373. Let q = n - -1116. Calculate the highest common divisor of 112 and q.
7
Let w be 7/3 - (-3)/(-9). Let x be -8*(315/36 - 9)/(1/15). Suppose w*u + 12 = 2*t - 0*t, 0 = 5*t - 4*u - x. What is the highest common factor of t and 18?
6
Let q = -430 - -433. Suppose q*a - 14 = -i + a, 2 = -2*a. What is the highest common factor of i and 116?
4
Let v(x) = -204*x - 7253. Let n be v(-36). Calculate the greatest common divisor of 343 and n.
7
Let q be (-20)/(-15)*11/((-132)/(-45)) - -3122. What is the greatest common divisor of 159 and q?
53
Let x(j) = j**2 - 28*j - 17. Let d be x(13). Let p = d - -377. What is the highest common factor of 55 and p?
55
Let u = -359 + 363. Suppose -161 = -u*l - 65. Calculate the highest common factor of l and 9.
3
Suppose -4*f + 5*i + 1657 = 631, -3*f - 5*i = -787. Calculate the highest common factor of f and 2183.
37
Let l(d) = d**3 - 94*d**2 - 45*d + 422. Let q be l(97). What is the greatest common divisor of 104 and q?
52
Let t be ((3/(-27))/((-4)/(-12)))/((-65)/14625). Let x = 6 + 94. Calculate the greatest common divisor of t and x.
25
Let p be -8 - (9*(-3 - 21476/21) + -2). Calculate the greatest common factor of p and 90.
45
Suppose 4*l - 3*m = 246, 9*m = -3*l + 5*m + 197. Let r be 40 - -2*(2 + -1). What is the greatest common divisor of l and r?
21
Let k be (73044/(-33))/(-3) - 26/(-143). Let l = 750 - k. Suppose -82 = -5*x - 22. What is the highest common factor of l and x?
12
Let o(l) = -l**2 + 7*l + 77. Let k be o(0). Suppose 0 = -13*v + k + 118. Calculate the highest common factor of 345 and v.
15
Let j = 14367 - 9527. What is the highest common divisor of 80 and j?
40
Let r be -2 - (4 - 7 - -2). Let m = 9 - r. Let q(y) = 21*y - 424. Let c be q(24). What is the highest common factor of c and m?
10
Let c be 239/2 + (-5 - -3)/(-4). Let v(z) = 4*z + 7. Let a be v(3). Suppose 2*r + u + 32 = 4*r, a = r - 2*u. Calculate the highest common divisor of c and r.
15
Let c(s) = 3891*s - 3681. Let a be c(1). Let l = 7 - -3. Calculate the highest common factor of a and l.
10
Suppose 3*o + a = 794, 186 + 614 = 3*o + 4*a. What is the greatest common factor of o and 308?
44
Let q(d) = -d + 9. Let u be q(-10). Let i = u - 14. Let r(h) = -3*h**2 - 24*h - 11. Let f be r(-6). What is the greatest common factor of i and f?
5
Suppose 0 = 5*w + 10, 4*w = -82*z + 86*z - 968. What is the greatest common factor of z and 1180?
20
Let s(y) = 2*y + 45. Let p be s(-21). Suppose 2*q + 5*o - 300 = -2*q, o = -p*q + 236. Calculate the highest common factor of 10 and q.
10
Let g be (6/(-4))/((-6)/8). Let o be 14/336*860 - (-5)/(-6). Suppose -a - g*a = 5*n - o, 0 = 3*a + 4*n - 40. What is the highest common divisor of 160 and a?
20
Suppose -3*f + 5*i + 233 = -0*f, -4*i - 384 = -5*f. Let d = f - 69. Let w be ((-2)/(-4))/(d/700). What is the highest common divisor of w and 20?
10
Let w(v) = 32*v**2 + 4133*v + 716. Let q be w(-129). Suppose 2*p = -7*c + 4*c + 432, -5*c = -2*p + 416. Calculate the highest common divisor of p and q.
71
Suppose 2*l + 0*l + 5*m - 125 = 0, -4*m - 152 = -2*l. Let b(z) = -157*z + 11758. Let q be b(74). Calculate the highest common divisor of l and q.
70
Let b = -4012 + 4036. What is the highest common divisor of 303 and b?
3
Let r(m) = -m**3 + 5*m**2 + 10*m - 8. Let f be r(6). Suppose -12*i = -2*i + 2200. Let b = i + 260. What is the greatest common divisor of f and b?
8
Let r(z) = z**3 + 14*z**2 + 13*z + 4. Let v be r(-13). Suppose 3*a + 0*a = -5*w + 612, -468 = -v*w + 3*a. What is the greatest common divisor of w and 80?
40
Let i be 3 - 2 - (1 - 200). Suppose 0 = 22483*v - 22605*v + 976. Calculate the highest common divisor of v and i.
8
Suppose -5*o - 3*k + 0 - 15 = 0, 2*k + 9 = -3*o. Let w be ((-44)/o)/(2/39 + 0). Let v be w/2 + 1*(-18)/6. Calculate the highest common factor of v and 14.
14
Suppose 0 = -106*s - 232478 + 932714. What is the greatest common divisor of s and 18?
18
Suppose 47*n = -91*n - 36*n + 2436. Let r = 882 + -280. What is the greatest common divisor of n and r?
14
Let m(k) = -k**3 + 24*k**2 - 40*k - 36. Let x be m(22). Calculate the highest common divisor of x and 11986.
26
Let c be ((-264456)/(-15))/(7 - 2) - (-90)/(-1125). Calculate the greatest common factor of c and 164.
82
Let o be 304465*19/380 + 1/(-4). What is the greatest common divisor of 13 and o?
13
Suppose 7 = 4*h - 9. Suppose 0 = r + h, 5*c + 4*r - 161 = 318. Let k be -115*(-4)/40 - 1/2. What is the highest common factor of c and k?
11
Let m be (-2)/(-9) - 4580/(-45). Let a(v) = -61 + 22*v + 25 + 4*v + v. Let z be a(7). What is the greatest common divisor of m and z?
51
Suppose 19*v - 37 = 39. Let b be v*(-2)/(-10) - (-1092)/35. Calculate the greatest common factor of 80 and b.
16
Let v = -16630 - -17531. Calculate the highest common divisor of 583 and v.
53
Let v = 107 + -19. Let j = v + -32. Let n be 19 + 7/((-98)/154). What is the highest common factor of n and j?
8
Let t(o) = -3*o**2 + 36*o - 23. Let c be 4*4/(32/22). Let p be t(c). What is the greatest common factor of 50 and p?
10
Let o be (-2 + 3)*(-1 + -1). Let p be (o/(-3))/(2/60). Let k = p - -15. What is the highest common divisor of 5 and k?
5
Let i be (-4)/(-10)*(23 + -3) - -184. What is the greatest common factor of 1792 and i?
64
Let n = 47 + -44. Suppose n*d - 8*d = -15. Suppose -2*l = 4*v - 76, -3*l + d*v = v - 106. Calculate the highest common divisor of l and 12.
12
Let p = -6015 + 13257. Calculate the highest common divisor of p and 17.
17
Suppose -2*g + 2*v + 4 = -12, -2*v - 36 = -4*g. Suppose -g*w + 53 = 13. Suppose -83 = -w*x + 45. What is the greatest common factor of x and 64?
32
Let c(l) = -l**2 + 3*l + 14. Let q be c(6). Let g be 4/(q/5) - 77. Let v = 84 + g. Calculate the highest common factor of 18 and v.
2
Let n = 5677 - 5341. Calculate the greatest common divisor of n and 1792.
112
Let q(f) = -f**2 + 16*f + 38. Let z be q(-2). Suppose h + z*h - 559 = -a, -5*a = -2*h - 2795. Calculate the highest common factor of 86 and a.
43
Let p = -7629 + 7944. Calculate the highest common factor of p and 1995.
105
Let x = 46 - 49. Let m be -1 + 0/4 - x. Suppose -107 = -w + m*o, -5*w + 0*o + 487 = 2*o. Calculate the greatest common factor of w and 11.
11
Suppose -498*n = -502*n + 16. Suppose -n*p - 1512 = -16*p. What is the greatest common divisor of p and 693?
63
Suppose y = 1076 - 1062. Let a(n) = -1